f 39 and l.
13
Let i be 2 + 7/((-14)/(-572)). Suppose 2*q - 152 - i = 0. What is the highest common divisor of q and 20?
20
Let u = 7 + 0. Suppose -2*z = z - 84. Calculate the highest common factor of u and z.
7
Let d(w) = w**3 - 2*w**2 - 2*w - 4. Let x be d(4). What is the highest common factor of x and 5?
5
Let k = 32 + -9. Calculate the greatest common factor of 161 and k.
23
Suppose 40*k - 38*k = 36. What is the highest common divisor of 270 and k?
18
Let h(l) = -l**2 + l. Let o be h(3). Let q(t) = -t**2 - 7*t + 5. Let z be q(o). Calculate the highest common factor of 44 and z.
11
Suppose -20 = -m - 2*i, -57 = -5*m - i + 61. What is the highest common factor of m and 32?
8
Suppose 0 = -o - 2*j - 5, 0*o - 12 = 3*o + 5*j. Let x = o - -6. Calculate the highest common divisor of x and 7.
7
Suppose d = -2*d + 27. What is the highest common factor of 72 and d?
9
Let y = 478 - 338. Suppose 0*d + 4*d - y = 0. Let f = 16 - 11. Calculate the greatest common divisor of f and d.
5
Let z = -366 - -375. Suppose p + 3*p - 12 = 0. Calculate the highest common divisor of p and z.
3
Let o be (20/6)/(-2)*-3. Suppose -r - o*s + 20 = 0, -3*s + 6 = -s. Calculate the greatest common factor of r and 55.
5
Suppose -54 = t - 162. What is the greatest common divisor of t and 12?
12
Let y = 10 + -6. Suppose k + 2*k = 2*j - 3, y*k + 4*j = 16. Suppose 3*l - 2 = 2*l. Calculate the highest common factor of k and l.
1
Suppose 3*n - 1 = -2*m + 13, -43 = -3*m + n. What is the highest common divisor of 182 and m?
13
Suppose -a - a = -l - 56, 2*l = -2*a + 56. Suppose 2*d + a = -10. Let m be 1 - 3 - d*2. Calculate the greatest common divisor of 12 and m.
12
Let d(h) be the second derivative of h**4/12 + 7*h**3/6 - h**2/2 + h. Let g be d(-8). Calculate the highest common factor of g and 21.
7
Let n = -1 + 7. Let m(c) = c**3 + 5*c**2 - 6*c + 4. Let d be m(-6). What is the highest common factor of n and d?
2
Suppose 5*c - 94 - 46 = 0. What is the greatest common factor of 56 and c?
28
Let y be 1/(3 - 388/130). Calculate the highest common factor of 13 and y.
13
Suppose 0 = -5*o + 5. Calculate the greatest common factor of o and 8.
1
Suppose -8*g + 13*g - 135 = 0. Calculate the greatest common factor of g and 3.
3
Suppose 2*j + 2*j - 16 = 0. Let c = 0 - -6. Let q = c + j. What is the highest common divisor of q and 80?
10
Let t = -9 - -18. Let z = 27 - 10. Let u = -11 + z. Calculate the greatest common factor of u and t.
3
Let o(w) be the first derivative of -49*w**2/2 + w + 6. Let p be o(-1). Calculate the highest common factor of 20 and p.
10
Let a = -18 + 27. Let y be (20/6)/(3/9). Suppose -3*p - 10 = -3*z - 5*p, z + y = -4*p. Calculate the greatest common factor of a and z.
3
Suppose 4*b - 31 - 17 = 0. Suppose -32*f + 1305 + 2919 = 0. What is the highest common factor of b and f?
12
Let t(v) = 5*v + 214. Let p be t(-34). Let d be (10 - 1) + 4/2. What is the greatest common factor of p and d?
11
Let m = 56 + -38. Let j = -1 + 3. Calculate the highest common divisor of j and m.
2
Suppose 1 = 6*d + 37. Let x(h) = -h + 8. Let s be x(d). Suppose 160 = 3*p - 2*l, 3*l + 377 = 5*p + 109. Calculate the greatest common factor of s and p.
14
Let y(l) = l**2 - 8*l + 6. Let f be y(9). Calculate the highest common divisor of 15 and f.
15
Let s = -10 - -12. Let r = s - -6. Let p be ((-9)/(-6))/(2/96). What is the highest common divisor of p and r?
8
Suppose 0 = 4*m + 4, -4*z + 2*m = -0*m - 30. What is the greatest common factor of z and 35?
7
Suppose -5*g + 314 = 3*m - 0*m, -318 = -3*m - 3*g. Suppose -6*b = 5*b - 132. What is the highest common divisor of m and b?
12
Let d be (-69)/(-21) + 4/(-14). Suppose -3*i = -46 - 32. Suppose -v + i = v + a, 2*v - 3*a = 18. What is the highest common factor of d and v?
3
Let d = 895 + -595. Calculate the greatest common divisor of 120 and d.
60
Let o(g) = -3*g + 10. Let n be o(5). Let v(b) = -4*b. Let l be v(n). Suppose 20 = 3*d - d. Calculate the greatest common factor of l and d.
10
Suppose -f + 4 = -2*z, 4*z - 1 = 3. What is the greatest common factor of f and 15?
3
Let s be ((-66)/(-5))/(4/30). What is the greatest common divisor of 66 and s?
33
Let p be 105/12 - (-5)/20. What is the greatest common factor of 1 and p?
1
Let n be 8/(-5)*((-45)/2)/9. What is the highest common factor of 20 and n?
4
Let m be -2 + 13 - 2/2. Suppose -3*a + 1247 = 389. Let i = a - 196. Calculate the greatest common divisor of m and i.
10
Suppose 288 - 134 = l. Calculate the highest common factor of l and 11.
11
Let c be (11 - 4)/1*4. Calculate the greatest common factor of 28 and c.
28
Let h = 19 + -11. Let d = h + 22. What is the highest common factor of 10 and d?
10
Let j = 109 + -25. What is the highest common divisor of j and 56?
28
Let j(y) = 55*y**3 + y**2 - 2*y + 1. Let n be j(1). Calculate the greatest common factor of 22 and n.
11
Let h be (-2)/(-16) + (-46)/(-16). Suppose -474 = -h*a - 144. Calculate the highest common divisor of a and 10.
10
Let t be -3 - (-2 + -1 + -14). Let u(o) = o**3 - o**2 - 2*o - 5. Suppose -13 = -5*i + 7. Let j be u(i). What is the greatest common divisor of j and t?
7
Suppose -5*w + 285 = -660. Calculate the greatest common divisor of w and 21.
21
Let x = 65 + -31. Let s = -22 + x. What is the greatest common divisor of 30 and s?
6
Suppose 53 = -5*o + 203. Suppose -219 = -2*g - 69. What is the greatest common factor of g and o?
15
Let a(q) = 4*q + 8. Let k be a(7). Let z be 6/(-4)*30/(-9). Suppose -j = -z*j + 216. What is the highest common divisor of k and j?
18
Let a be 0/(-1) - (-14 + 13). Let n be (-17 + (-2)/a)/(-1). Let s be (115 - 1)*2/3. What is the highest common divisor of s and n?
19
Let c = -115 - -163. Let d = -62 - -78. What is the highest common factor of d and c?
16
Suppose 2*v - 3 - 21 = 0. Calculate the greatest common factor of v and 3.
3
Let f = 138 - 110. What is the greatest common divisor of 308 and f?
28
Let i = -204 - -420. Calculate the highest common divisor of 24 and i.
24
Let x be (1 - (1 + 1)) + -5. Let n be ((-9)/(-6))/(x/152). Let q = n + 53. Calculate the highest common factor of q and 165.
15
Let k = -35 - -91. Let a(s) = -s + 25. Let d be a(11). What is the greatest common divisor of k and d?
14
Let l(k) = -k + 11. Let h be l(6). Suppose 72 = -v + h*v. What is the highest common divisor of v and 9?
9
Let t(k) = k - 5. Let d be t(7). Calculate the greatest common factor of 10 and d.
2
Let o(r) = -r**3 - 5*r**2 + 8*r - 10. Let i be (0 + 2)/(2/(-6)). Let p = -13 - i. Let x be o(p). What is the highest common factor of x and 48?
16
Let c be (2/3)/((-6)/(-27)). Suppose -197 = -c*z - r, -z - 59 = -2*z + r. What is the highest common factor of 8 and z?
8
Let p = 100 - 12. Calculate the greatest common factor of p and 132.
44
Let c(x) = x**3 + 5*x**2 - x. Let q = 7 + -11. Let z be c(q). Let a be -5*(2/(-4))/(9/108). What is the highest common factor of a and z?
10
Let l be 402/9 + 5/15. What is the highest common divisor of 5 and l?
5
Let m be (-116)/(-36) - 10/45. What is the greatest common factor of m and 21?
3
Let o be (165/12)/(1/(10 - 2)). What is the highest common divisor of 22 and o?
22
Let p = 5 - 2. Let m = 1 + p. What is the greatest common divisor of m and 4?
4
Suppose 0 = 5*i - 0*y + y - 15, 0 = -3*y + 15. Let h be (1 + -1 - -19)*i. What is the highest common factor of h and 95?
19
Suppose w - 2*j + 1 - 53 = 0, -3*j + 77 = w. Calculate the highest common factor of 93 and w.
31
Let t = 37 + -13. Suppose -24 = -5*b - r, -2*b - 2*r + t = 2*r. Calculate the highest common factor of 36 and b.
4
Suppose 3*k - 2*k - 44 = 0. Let h = 82 - k. Let n = -168 + 187. Calculate the greatest common factor of n and h.
19
Let s(i) = -2*i - 1. Let r be s(-2). Let h be ((-162)/(-8))/(r/8). Let l = 118 - h. Calculate the greatest common divisor of l and 8.
8
Let w(m) be the first derivative of -3/2*m**2 - 1 + 4*m - 1/3*m**3. Let d be w(-3). What is the highest common factor of 6 and d?
2
Let p(m) be the first derivative of m**3/3 + 33*m - 5. Let a be p(0). What is the highest common factor of a and 297?
33
Suppose 4*n + 10 = 2*n, -42 = -4*w + 2*n. What is the greatest common factor of 72 and w?
8
Let n = 23 - -305. What is the greatest common divisor of n and 41?
41
Suppose 3*k = -0*k. Suppose k = 3*x + 2 - 26. W